{"id":4498,"date":"2017-04-25T21:51:27","date_gmt":"2017-04-26T02:51:27","guid":{"rendered":"http:\/\/catolicasmexico.com\/blog\/?page_id=4498"},"modified":"2023-09-19T14:30:16","modified_gmt":"2023-09-19T19:30:16","slug":"guardia-de-honor-del-sagrado-corazon-de-jesus","status":"publish","type":"page","link":"http:\/\/catolicasmexico.com\/blog\/guardia-de-honor-del-sagrado-corazon-de-jesus\/","title":{"rendered":"GUARDIA DE HONOR DEL SAGRADO CORAZ\u00d3N DE JES\u00daS"},"content":{"rendered":"\n<figure class=\"wp-block-image size-large\"><a href=\"http:\/\/catolicasmexico.com\/blog\/wp-content\/uploads\/2020\/02\/c72ad5a6-060c-4f9e-9196-5d09ff6d4683-1278-000001583cd77936.png\"><img data-attachment-id=\"4913\" data-permalink=\"http:\/\/catolicasmexico.com\/blog\/devocion-al-corazon-agonizante-de-jesus\/c72ad5a6-060c-4f9e-9196-5d09ff6d4683-1278-000001583cd77936-png\/\" data-orig-file=\"http:\/\/catolicasmexico.com\/blog\/wp-content\/uploads\/2020\/02\/c72ad5a6-060c-4f9e-9196-5d09ff6d4683-1278-000001583cd77936.png\" data-orig-size=\"800,450\" data-comments-opened=\"1\" data-image-meta=\"{&quot;aperture&quot;:&quot;0&quot;,&quot;credit&quot;:&quot;&quot;,&quot;camera&quot;:&quot;&quot;,&quot;caption&quot;:&quot;&quot;,&quot;created_timestamp&quot;:&quot;0&quot;,&quot;copyright&quot;:&quot;&quot;,&quot;focal_length&quot;:&quot;0&quot;,&quot;iso&quot;:&quot;0&quot;,&quot;shutter_speed&quot;:&quot;0&quot;,&quot;title&quot;:&quot;&quot;,&quot;orientation&quot;:&quot;0&quot;}\" data-image-title=\"c72ad5a6-060c-4f9e-9196-5d09ff6d4683-1278-000001583cd77936.png\" data-image-description=\"\" data-medium-file=\"http:\/\/catolicasmexico.com\/blog\/wp-content\/uploads\/2020\/02\/c72ad5a6-060c-4f9e-9196-5d09ff6d4683-1278-000001583cd77936-300x169.png\" data-large-file=\"http:\/\/catolicasmexico.com\/blog\/wp-content\/uploads\/2020\/02\/c72ad5a6-060c-4f9e-9196-5d09ff6d4683-1278-000001583cd77936.png\" width=\"800\" height=\"450\" src=\"http:\/\/catolicasmexico.com\/blog\/wp-content\/uploads\/2020\/02\/c72ad5a6-060c-4f9e-9196-5d09ff6d4683-1278-000001583cd77936.png\" alt=\"\" class=\"wp-image-4913\" srcset=\"http:\/\/catolicasmexico.com\/blog\/wp-content\/uploads\/2020\/02\/c72ad5a6-060c-4f9e-9196-5d09ff6d4683-1278-000001583cd77936.png 800w, http:\/\/catolicasmexico.com\/blog\/wp-content\/uploads\/2020\/02\/c72ad5a6-060c-4f9e-9196-5d09ff6d4683-1278-000001583cd77936-768x432.png 768w, http:\/\/catolicasmexico.com\/blog\/wp-content\/uploads\/2020\/02\/c72ad5a6-060c-4f9e-9196-5d09ff6d4683-1278-000001583cd77936-300x169.png 300w, http:\/\/catolicasmexico.com\/blog\/wp-content\/uploads\/2020\/02\/c72ad5a6-060c-4f9e-9196-5d09ff6d4683-1278-000001583cd77936-150x150.png 150w\" sizes=\"100vw\" \/> <\/a><\/figure>\n\n\n<p><a title=\"Hora Santa\" href=\"http:\/\/catolicasmexico.com\/blog\/guardia-de-honor-del-sagrado-corazon-de-jesus\/hora-santa\/\">Hora Santa<\/a><\/p>\n<p><a title=\"Origen de la Guardia de Honor\" href=\"http:\/\/catolicasmexico.com\/blog\/guardia-de-honor-del-sagrado-corazon-de-jesus\/origen-de-la-guardia-de-honor\/\">Origen de la Guardia de Honor en<\/a><\/p>\n<p class=\"p1\"><span class=\"s1\">M\u00c9XICO <br \/>Monasterio de la Visitacion, Campana 47 Insurgnetes Mixcoac,<br \/>03920 CINDAD DE MEXICO\u00a0<br \/>tel: <a href=\"tel:00%2052%205%20598%200868\">00 52 5 598 0868<\/a> fax: <a href=\"tel:00%2052%205%2055%20615%201914\">00 52 5 55 615 1914<\/a>, e-mail: <a href=\"&#x6d;&#x61;&#105;lt&#x6f;&#x3a;&#x76;&#105;si&#x74;&#x61;&#x63;&#105;on&#x40;&#x67;&#x75;&#97;rd&#x69;&#x61;&#x64;&#101;ho&#x6e;&#x6f;&#x72;.or&#x67;\">visi&#116;&#97;&#x63;&#x69;&#x6f;&#x6e;&#x40;guar&#100;&#105;&#x61;&#x64;&#x65;&#x68;&#x6f;nor.&#111;&#114;&#x67;<\/a><\/span><\/p>\n<p class=\"p1\"><span class=\"s2\">Director national<\/span><span class=\"s1\"> : Padre ANDRES ESTEBAN LOPEZ RUIZ, CCR<\/span><\/p>\n<p class=\"p1\"><span class=\"s1\">et Superior de la Visitation : Madre ANA TERESA ESTRADA BERNAL<\/span><\/p>\n<p class=\"p1\"><span class=\"s1\">z\u00e9lateurs : Francisco Javier Gonzalez Garza + Nora Alvisu Hernandez + Isabel ayala Courrech<\/span><\/p>\n<p>\u00a0<\/p>\n\n\n<p><a href=\"http:\/\/catolicasmexico.com\/blog\/guardia-de-honor-del-sagrado-corazon-de-jesus\/oraciones-de-la-guardia-de-honor\/\" title=\"Oraciones de Reparaci\u00f3n\">Oraciones de Reparaci\u00f3n<\/a><\/p>\n","protected":false},"excerpt":{"rendered":"<p>Hora Santa Origen de la Guardia de Honor en M\u00c9XICO Monasterio de la Visitacion, Campana 47 Insurgnetes Mixcoac,03920 CINDAD DE MEXICO\u00a0tel: 00 52 5 598 0868 fax: 00 52 5 55 615 1914, e-mail: &#x76;&#x69;&#x73;&#x69;&#x74;&#x61;&#x63;&#x69;&#x6f;&#x6e;&#x40;&#103;&#117;&#97;&#114;diadehono&#x72;&#x2e;&#x6f;&#x72;&#x67; Director national : Padre ANDRES ESTEBAN LOPEZ RUIZ, CCR et Superior de la Visitation : Madre ANA TERESA ESTRADA BERNAL [&hellip;]<\/p>\n","protected":false},"author":1,"featured_media":4913,"parent":0,"menu_order":0,"comment_status":"closed","ping_status":"closed","template":"","meta":{"spay_email":""},"aioseo_notices":[],"jetpack_shortlink":"https:\/\/wp.me\/P3B5XH-1ay","jetpack-related-posts":[{"id":4517,"url":"http:\/\/catolicasmexico.com\/blog\/guardia-de-honor-del-sagrado-corazon-de-jesus\/origen-de-la-guardia-de-honor\/","url_meta":{"origin":4498,"position":0},"title":"Origen de la Guardia de Honor","date":"31 mayo 2017","format":false,"excerpt":"PRESENTACI\u00d3N: Pr\u00e1ctica nacida en el Monasterio de la Visitaci\u00f3n de Bourg, Francia, en 1863 La Guardia de Honor es una piadosa milicia que rodea Jesucristo, Rey inmortal de los siglos, abandonado, ultrajado y perpetuamente inmolado en su Trono Eucar\u00edstico. Estos fervorosos centinelas, escogen una hora al d\u00eda, y en ella,\u2026","rel":"","context":"Entrada similar","img":{"alt_text":"","src":"https:\/\/i1.wp.com\/catolicasmexico.com\/blog\/wp-content\/uploads\/2017\/05\/guardia-de-honor.jpg?resize=350%2C200","width":350,"height":200},"classes":[]},{"id":4519,"url":"http:\/\/catolicasmexico.com\/blog\/guardia-de-honor-del-sagrado-corazon-de-jesus\/oraciones-de-la-guardia-de-honor\/","url_meta":{"origin":4498,"position":1},"title":"Oraciones de Reparaci\u00f3n","date":"31 mayo 2017","format":false,"excerpt":"Ofrecimiento de la Hora de Guardia para cada d\u00eda: \u00a1Viva Jes\u00fas, muera el pecado, sea por siempre alabado, el Coraz\u00f3n de Jes\u00fas Sacramentado! Sagrado Coraz\u00f3n de Jes\u00fas, encendido en llamas de infinito amor, pero herido hasta lo m\u00e1s hondo por nuestro desamor, desagradecimiento y dureza, me postro en tu presencia\u2026","rel":"","context":"Entrada similar","img":{"alt_text":"","src":"https:\/\/i2.wp.com\/catolicasmexico.com\/blog\/wp-content\/uploads\/2015\/12\/trisagios.png?resize=350%2C200","width":350,"height":200},"classes":[]},{"id":928,"url":"http:\/\/catolicasmexico.com\/blog\/centros-de-ayuda-para-las-mujeres\/","url_meta":{"origin":4498,"position":2},"title":"Ayuda para mujeres","date":"20 junio 2013","format":false,"excerpt":"Centros de ayuda para las mujeres CENTRO DE AYUDA PARA LA MUJER A.C. M\u00c9XICO D.F. Tel\u00e9fono(s): (52) (52) 6248632, (52) (52) 52601719 VIFAC - Celebramos la vida Linea gratuita: 01 800 01 VIFAC (84322) http:\/\/vifac.org\/ YOLIGUANI L\u00ednea sin costo: 01 800 251 8586 E-Mail: contigo@yoliguani.org http:\/\/www.yoliguani.org\/ APOYO A MADRES SOLAS\u2026","rel":"","context":"Con 23 comentarios","img":{"alt_text":"","src":"","width":0,"height":0},"classes":[]},{"id":4533,"url":"http:\/\/catolicasmexico.com\/blog\/guardia-de-honor-del-sagrado-corazon-de-jesus\/hora-santa\/","url_meta":{"origin":4498,"position":3},"title":"Hora Santa","date":"7 junio 2017","format":false,"excerpt":"Su origen. La devoci\u00f3n de la hora santa tuvo su origen en la oraci\u00f3n que Jes\u00fas hizo en Getsemani , la v\u00edspera de su muerte en la noche del jueves al viernes santo. Consiste en pasar una hora entera en oraci\u00f3n de las 11:00 a las 12:00 de la noche\u2026","rel":"","context":"Entrada similar","img":{"alt_text":"","src":"https:\/\/i0.wp.com\/catolicasmexico.com\/blog\/wp-content\/uploads\/2020\/02\/bb8eb6a2-edb7-49ab-886e-ab63ef49bf62-304-00000054f3263bf6.jpg?resize=350%2C200","width":350,"height":200},"classes":[]},{"id":1220,"url":"http:\/\/catolicasmexico.com\/blog\/catolicas-mexico-en-twitter\/","url_meta":{"origin":4498,"position":4},"title":"Catolicas Mexico en Twitter","date":"10 julio 2013","format":false,"excerpt":"Follow @CatolicasMexico","rel":"","context":"Entrada similar","img":{"alt_text":"","src":"","width":0,"height":0},"classes":[]},{"id":2,"url":"http:\/\/catolicasmexico.com\/blog\/about\/","url_meta":{"origin":4498,"position":5},"title":"Catolicas Mexico","date":"5 diciembre 2012","format":false,"excerpt":"Somos un grupo de j\u00f3venes cat\u00f3licos, comprometidos con el evangelio, estamos a favor de la vida desde la concepci\u00f3n hasta la muerte natural, defendemos los valores del matrimonio, sacramento instituido por Nuestro Se\u00f1or, promovemos la oraci\u00f3n, el ayuno, la Santa Misa y los Santos Sacramentos como medios eficaces para luchar\u2026","rel":"","context":"Entrada similar","img":{"alt_text":"","src":"","width":0,"height":0},"classes":[]}],"jetpack_likes_enabled":false,"jetpack_sharing_enabled":true,"_links":{"self":[{"href":"http:\/\/catolicasmexico.com\/blog\/wp-json\/wp\/v2\/pages\/4498"}],"collection":[{"href":"http:\/\/catolicasmexico.com\/blog\/wp-json\/wp\/v2\/pages"}],"about":[{"href":"http:\/\/catolicasmexico.com\/blog\/wp-json\/wp\/v2\/types\/page"}],"author":[{"embeddable":true,"href":"http:\/\/catolicasmexico.com\/blog\/wp-json\/wp\/v2\/users\/1"}],"replies":[{"embeddable":true,"href":"http:\/\/catolicasmexico.com\/blog\/wp-json\/wp\/v2\/comments?post=4498"}],"version-history":[{"count":7,"href":"http:\/\/catolicasmexico.com\/blog\/wp-json\/wp\/v2\/pages\/4498\/revisions"}],"predecessor-version":[{"id":5102,"href":"http:\/\/catolicasmexico.com\/blog\/wp-json\/wp\/v2\/pages\/4498\/revisions\/5102"}],"wp:featuredmedia":[{"embeddable":true,"href":"http:\/\/catolicasmexico.com\/blog\/wp-json\/wp\/v2\/media\/4913"}],"wp:attachment":[{"href":"http:\/\/catolicasmexico.com\/blog\/wp-json\/wp\/v2\/media?parent=4498"}],"curies":[{"name":"wp","href":"https:\/\/api.w.org\/{rel}","templated":true}]}}

GUARDIA DE HONOR DEL SAGRADO CORAZÓN DE JESÚS

<figure class="wp-block-image size-large"><a href="http://catolicasmexico.com/blog/wp-content/uploads/2020/02/c72ad5a6-060c-4f9e-9196-5d09ff6d4683-1278-000001583cd77936.png"><img data-attachment-id="4913" data-permalink="http://catolicasmexico.com/blog/devocion-al-corazon-agonizante-de-jesus/c72ad5a6-060c-4f9e-9196-5d09ff6d4683-1278-000001583cd77936-png/" data-orig-file="http://catolicasmexico.com/blog/wp-content/uploads/2020/02/c72ad5a6-060c-4f9e-9196-5d09ff6d4683-1278-000001583cd77936.png" data-orig-size="800,450" data-comments-opened="1" data-image-meta="{&quot;aperture&quot;:&quot;0&quot;,&quot;credit&quot;:&quot;&quot;,&quot;camera&quot;:&quot;&quot;,&quot;caption&quot;:&quot;&quot;,&quot;created_timestamp&quot;:&quot;0&quot;,&quot;copyright&quot;:&quot;&quot;,&quot;focal_length&quot;:&quot;0&quot;,&quot;iso&quot;:&quot;0&quot;,&quot;shutter_speed&quot;:&quot;0&quot;,&quot;title&quot;:&quot;&quot;,&quot;orientation&quot;:&quot;0&quot;}" data-image-title="c72ad5a6-060c-4f9e-9196-5d09ff6d4683-1278-000001583cd77936.png" data-image-description="" data-medium-file="http://catolicasmexico.com/blog/wp-content/uploads/2020/02/c72ad5a6-060c-4f9e-9196-5d09ff6d4683-1278-000001583cd77936-300x169.png" data-large-file="http://catolicasmexico.com/blog/wp-content/uploads/2020/02/c72ad5a6-060c-4f9e-9196-5d09ff6d4683-1278-000001583cd77936.png" width="800" height="450" src="http://catolicasmexico.com/blog/wp-content/uploads/2020/02/c72ad5a6-060c-4f9e-9196-5d09ff6d4683-1278-000001583cd77936.png" alt="" class="wp-image-4913" srcset="http://catolicasmexico.com/blog/wp-content/uploads/2020/02/c72ad5a6-060c-4f9e-9196-5d09ff6d4683-1278-000001583cd77936.png 800w, http://catolicasmexico.com/blog/wp-content/uploads/2020/02/c72ad5a6-060c-4f9e-9196-5d09ff6d4683-1278-000001583cd77936-768x432.png 768w, http://catolicasmexico.com/blog/wp-content/uploads/2020/02/c72ad5a6-060c-4f9e-9196-5d09ff6d4683-1278-000001583cd77936-300x169.png 300w, http://catolicasmexico.com/blog/wp-content/uploads/2020/02/c72ad5a6-060c-4f9e-9196-5d09ff6d4683-1278-000001583cd77936-150x150.png 150w" sizes="100vw" /> </a></figure>


<p><a title="Hora Santa" href="http://catolicasmexico.com/blog/guardia-de-honor-del-sagrado-corazon-de-jesus/hora-santa/">Hora Santa</a></p>
<p><a title="Origen de la Guardia de Honor" href="http://catolicasmexico.com/blog/guardia-de-honor-del-sagrado-corazon-de-jesus/origen-de-la-guardia-de-honor/">Origen de la Guardia de Honor en</a></p>
<p class="p1"><span class="s1">MÉXICO <br />Monasterio de la Visitacion, Campana 47 Insurgnetes Mixcoac,<br />03920 CINDAD DE MEXICO <br />tel: <a href="tel:00%2052%205%20598%200868">00 52 5 598 0868</a> fax: <a href="tel:00%2052%205%2055%20615%201914">00 52 5 55 615 1914</a>, e-mail: <a href="&#x6d;&#x61;&#105;lt&#x6f;&#x3a;&#x76;&#105;si&#x74;&#x61;&#x63;&#105;on&#x40;&#x67;&#x75;&#97;rd&#x69;&#x61;&#x64;&#101;ho&#x6e;&#x6f;&#x72;.or&#x67;">visi&#116;&#97;&#x63;&#x69;&#x6f;&#x6e;&#x40;guar&#100;&#105;&#x61;&#x64;&#x65;&#x68;&#x6f;nor.&#111;&#114;&#x67;</a></span></p>
<p class="p1"><span class="s2">Director national</span><span class="s1"> : Padre ANDRES ESTEBAN LOPEZ RUIZ, CCR</span></p>
<p class="p1"><span class="s1">et Superior de la Visitation : Madre ANA TERESA ESTRADA BERNAL</span></p>
<p class="p1"><span class="s1">zélateurs : Francisco Javier Gonzalez Garza + Nora Alvisu Hernandez + Isabel ayala Courrech</span></p>
<p> </p>


<p><a href="http://catolicasmexico.com/blog/guardia-de-honor-del-sagrado-corazon-de-jesus/oraciones-de-la-guardia-de-honor/" title="Oraciones de Reparación">Oraciones de Reparación</a></p>

<p>Hora Santa Origen de la Guardia de Honor en MÉXICO Monasterio de la Visitacion, Campana 47 Insurgnetes Mixcoac,03920 CINDAD DE MEXICO tel: 00 52 5 598 0868 fax: 00 52 5 55 615 1914, e-mail: &#x76;&#x69;&#x73;&#x69;&#x74;&#x61;&#x63;&#x69;&#x6f;&#x6e;&#x40;&#103;&#117;&#97;&#114;diadehono&#x72;&#x2e;&#x6f;&#x72;&#x67; Director national : Padre ANDRES ESTEBAN LOPEZ RUIZ, CCR et Superior de la Visitation : Madre ANA TERESA ESTRADA BERNAL [&hellip;]</p>

PRESENTACIÓN: Práctica nacida en el Monasterio de la Visitación de Bourg, Francia, en 1863 La Guardia de Honor es una piadosa milicia que rodea Jesucristo, Rey inmortal de los siglos, abandonado, ultrajado y perpetuamente inmolado en su Trono Eucarístico. Estos fervorosos centinelas, escogen una hora al día, y en ella,…

Oraciones de Reparación

Ofrecimiento de la Hora de Guardia para cada día: ¡Viva Jesús, muera el pecado, sea por siempre alabado, el Corazón de Jesús Sacramentado! Sagrado Corazón de Jesús, encendido en llamas de infinito amor, pero herido hasta lo más hondo por nuestro desamor, desagradecimiento y dureza, me postro en tu presencia…

Centros de ayuda para las mujeres CENTRO DE AYUDA PARA LA MUJER A.C. MÉXICO D.F. Teléfono(s): (52) (52) 6248632, (52) (52) 52601719 VIFAC - Celebramos la vida Linea gratuita: 01 800 01 VIFAC (84322) http://vifac.org/ YOLIGUANI Línea sin costo: 01 800 251 8586 E-Mail: contigo@yoliguani.org http://www.yoliguani.org/ APOYO A MADRES SOLAS…

Su origen. La devoción de la hora santa tuvo su origen en la oración que Jesús hizo en Getsemani , la víspera de su muerte en la noche del jueves al viernes santo. Consiste en pasar una hora entera en oración de las 11:00 a las 12:00 de la noche…

Somos un grupo de jóvenes católicos, comprometidos con el evangelio, estamos a favor de la vida desde la concepción hasta la muerte natural, defendemos los valores del matrimonio, sacramento instituido por Nuestro Señor, promovemos la oración, el ayuno, la Santa Misa y los Santos Sacramentos como medios eficaces para luchar…
