{"id":2389,"date":"2014-01-15T23:04:55","date_gmt":"2014-01-16T05:04:55","guid":{"rendered":"http:\/\/catolicasmexico.com\/blog\/?page_id=2389"},"modified":"2014-01-15T23:04:55","modified_gmt":"2014-01-16T05:04:55","slug":"pies-preciosos-2","status":"publish","type":"page","link":"http:\/\/catolicasmexico.com\/blog\/pies-preciosos-2\/","title":{"rendered":"Pies Preciosos"},"content":{"rendered":"<p><a href=\"http:\/\/catolicasmexico.com\/blog\/wp-content\/uploads\/2013\/08\/20130819-195512.jpg\"><img class=\"alignnone size-full\" alt=\"20130819-195512.jpg\" src=\"http:\/\/catolicasmexico.com\/blog\/wp-content\/uploads\/2013\/08\/20130819-195512.jpg\"  \/> <\/a><\/p>\n<p>El s\u00edmbolo internacional pro-vida. La medida y la forma exacta de los pies de un no nato de 10 semanas.<br \/>\nEn ningun momento de nuestra vida se producen tantos cambios y se crece tanto como en los primeros nueve meses antes del nacimiento. He aqu\u00ed las admirables etapas del comienzo de la vida.<br \/>\n1er. D\u00eda : la concepci\u00f3n. Al rededor de 200 ,000,000 de espermatozoides tratan de penetrar al ovulo maternal, sin embargo solo uno lo logra. En este momento preciso un nuevo individuo \u00fanico se forma. Todas las caracter\u00edsticas hereditarias de esta persona est\u00e1n establecidas: si es ni\u00f1o o ni\u00f1a, el color de sus ojos, sus p\u00f3mulos y la forma de su ment\u00f3n.<\/p>\n<p>D\u00edas 18-20: las bases del cerebro, la espina dorsal y el sistema nervioso se establecen.<\/p>\n<p>D\u00eda 21: El coraz\u00f3n comienza a latir, al principio d\u00e9bilmente, sin embargo, cada d\u00eda con m\u00e1s fuerza, bate 70 veces por minuto y alcanza 170-190 latidos en la s\u00e9ptima semana, comenzando a disminuir su ritmo cardiaco en la novena semana a 160-180 latidos por minuto. Un d\u00eda m\u00e1s tarde los ojos comienzan a desarrollarse y las orejas inician su primer estado de desarrollo.<br \/>\nD\u00edas 28-32: dos brazos min\u00fasculos aparecen y dos d\u00edas despu\u00e9s las piernas empiezan a desarrollarse. La boca comienza a tomar forma. La nariz comienza a desarrollarse. La sangre circula en las venas del beb\u00e9 quedando separada de la sangre de la madre. La lengua empieza a formarse. Por vez primera la cara comienza a distiguirse.<\/p>\n<p>D\u00eda 42. El cerebro se divide en tres partes, una siente las emociones y comprende el lenguaje, una para escuchar y ver. Las articulaciones comienzan a formarse. La madre nota la ausencia se su segundo periodo de menstruaci\u00f3n.<\/p>\n<p>D\u00eda 44: Los m\u00fasculos de la cara se desarrollan, los p\u00e1rpados comienzan a formase, los codos toman forma. Los \u00f3rganos internos existen ya, pero est\u00e1n inmaduros, 99% de los m\u00fasculos est\u00e1n presentes, cada uno con su sistema nervioso propio.<\/p>\n<p>S\u00e9ptima semana: El movimiento espont\u00e1neo comienza. En las siguientes 4 semanas el beb\u00e9 comienza a desarrollar toda una serie de movimientos como tener hipo, fruncir el ce\u00f1o, cruzar los ojos, morder sus labios, tocarse la cara, respirar, ( sin aire) , estirarse, abrir la boca, bostezar y succionar<\/p>\n<p>Octava semana: el beb\u00e9 esta bien proporcionado y mide el equivalente del pulgar de un adulto. Todos los \u00f3rganos est\u00e1n presentes. El h\u00edgado produce sangre, los ri\u00f1ones funcionan y el coraz\u00f3n late regularmente. El cr\u00e1neo, los codos y las rodillas se forman. De los 4500 estructuras del cuerpo de un adulto, 4000 est\u00e1n formados. El esqueleto de los brazos y las piernas, as\u00ed como la columna vertebral que comienza a soldarse por el aumento de c\u00e9lulas oseosas.<\/p>\n<p>D\u00e9cima semana: El numero de conexiones entre los nervios y los m\u00fasculos ha triplicado desde la ultima semana.<\/p>\n<p>Duod\u00e9cima semana: el bebe traga y reacciona a la estimulaci\u00f3n de la piel.<\/p>\n<p>Cuatro meses: el ni\u00f1o puede agarrar con sus manos, cerrar el pu\u00f1o, nadar y voltearse.<\/p>\n<p>Siete meses: los p\u00e1rpados se abren y se cierran, los ojos miran al rededor. Las manos agarran con fuerzas. La voz de la madre se puede o\u00edr y el beb\u00e9 la reconoce.<\/p>\n<p>Nueve meses: el ni\u00f1o provoca el trabajo de parto y el alumbramiento se inicia aproximadamente a los 264-270 d\u00edas despu\u00e9s de la concepci\u00f3n. despu\u00e9s de todas esas etapas dentro del cuerpo de la madre, el ni\u00f1o se presenta al mundo exterior.<\/p>\n","protected":false},"excerpt":{"rendered":"<p>El s\u00edmbolo internacional pro-vida. La medida y la forma exacta de los pies de un no nato de 10 semanas. En ningun momento de nuestra vida se producen tantos cambios y se crece tanto como en los primeros nueve meses antes del nacimiento. He aqu\u00ed las admirables etapas del comienzo de la vida. 1er. D\u00eda [&hellip;]<\/p>\n","protected":false},"author":1,"featured_media":3895,"parent":0,"menu_order":0,"comment_status":"open","ping_status":"open","template":"","meta":{"spay_email":""},"aioseo_notices":[],"jetpack_shortlink":"https:\/\/wp.me\/P3B5XH-Cx","jetpack-related-posts":[{"id":3377,"url":"http:\/\/catolicasmexico.com\/blog\/facebook-pictures-timeline\/","url_meta":{"origin":2389,"position":0},"title":"Galeria Facebook","date":"28 agosto 2014","format":false,"excerpt":"From Timeline Photos. Posted by Cat\u00f3licas M\u00e9xico - Por el derecho a la vida on 6\/06\/2014 (338 items) Historia de la Virgen de F\u00e1tima. Primera parte.. 22 de marzo nacimiento de Lucia Dos ... Compartimos,la noticia, la pareja que se preparaba a abortar el fin de semana cambi\u00f3 ... Pedimos\u2026","rel":"","context":"Entrada similar","img":{"alt_text":"","src":"","width":0,"height":0},"classes":[]},{"id":4519,"url":"http:\/\/catolicasmexico.com\/blog\/guardia-de-honor-del-sagrado-corazon-de-jesus\/oraciones-de-la-guardia-de-honor\/","url_meta":{"origin":2389,"position":1},"title":"Oraciones de Reparaci\u00f3n","date":"31 mayo 2017","format":false,"excerpt":"Ofrecimiento de la Hora de Guardia para cada d\u00eda: \u00a1Viva Jes\u00fas, muera el pecado, sea por siempre alabado, el Coraz\u00f3n de Jes\u00fas Sacramentado! Sagrado Coraz\u00f3n de Jes\u00fas, encendido en llamas de infinito amor, pero herido hasta lo m\u00e1s hondo por nuestro desamor, desagradecimiento y dureza, me postro en tu presencia\u2026","rel":"","context":"Entrada similar","img":{"alt_text":"","src":"https:\/\/i2.wp.com\/catolicasmexico.com\/blog\/wp-content\/uploads\/2015\/12\/trisagios.png?resize=350%2C200","width":350,"height":200},"classes":[]},{"id":643,"url":"http:\/\/catolicasmexico.com\/blog\/testimonios\/","url_meta":{"origin":2389,"position":2},"title":"Testimonios","date":"1 junio 2013","format":false,"excerpt":"Carta de una inmigrante. Soy mexicana y vivo en Canad\u00e1, Quiero compartir con todos Ustedes, la historia de una muchacha de origen ruso, que se encuentra embarazada de su novio de origen mexicano, la llamaremos Natalia, para conservar su anonimato. Natalia le dijo de su embarazo a su patrona, su\u2026","rel":"","context":"Entrada similar","img":{"alt_text":"","src":"","width":0,"height":0},"classes":[]},{"id":4533,"url":"http:\/\/catolicasmexico.com\/blog\/guardia-de-honor-del-sagrado-corazon-de-jesus\/hora-santa\/","url_meta":{"origin":2389,"position":3},"title":"Hora Santa","date":"7 junio 2017","format":false,"excerpt":"Su origen. La devoci\u00f3n de la hora santa tuvo su origen en la oraci\u00f3n que Jes\u00fas hizo en Getsemani , la v\u00edspera de su muerte en la noche del jueves al viernes santo. Consiste en pasar una hora entera en oraci\u00f3n de las 11:00 a las 12:00 de la noche\u2026","rel":"","context":"Entrada similar","img":{"alt_text":"","src":"https:\/\/i0.wp.com\/catolicasmexico.com\/blog\/wp-content\/uploads\/2020\/02\/bb8eb6a2-edb7-49ab-886e-ab63ef49bf62-304-00000054f3263bf6.jpg?resize=350%2C200","width":350,"height":200},"classes":[]},{"id":4517,"url":"http:\/\/catolicasmexico.com\/blog\/guardia-de-honor-del-sagrado-corazon-de-jesus\/origen-de-la-guardia-de-honor\/","url_meta":{"origin":2389,"position":4},"title":"Origen de la Guardia de Honor","date":"31 mayo 2017","format":false,"excerpt":"PRESENTACI\u00d3N: Pr\u00e1ctica nacida en el Monasterio de la Visitaci\u00f3n de Bourg, Francia, en 1863 La Guardia de Honor es una piadosa milicia que rodea Jesucristo, Rey inmortal de los siglos, abandonado, ultrajado y perpetuamente inmolado en su Trono Eucar\u00edstico. Estos fervorosos centinelas, escogen una hora al d\u00eda, y en ella,\u2026","rel":"","context":"Entrada similar","img":{"alt_text":"","src":"https:\/\/i1.wp.com\/catolicasmexico.com\/blog\/wp-content\/uploads\/2017\/05\/guardia-de-honor.jpg?resize=350%2C200","width":350,"height":200},"classes":[]},{"id":2,"url":"http:\/\/catolicasmexico.com\/blog\/about\/","url_meta":{"origin":2389,"position":5},"title":"Catolicas Mexico","date":"5 diciembre 2012","format":false,"excerpt":"Somos un grupo de j\u00f3venes cat\u00f3licos, comprometidos con el evangelio, estamos a favor de la vida desde la concepci\u00f3n hasta la muerte natural, defendemos los valores del matrimonio, sacramento instituido por Nuestro Se\u00f1or, promovemos la oraci\u00f3n, el ayuno, la Santa Misa y los Santos Sacramentos como medios eficaces para luchar\u2026","rel":"","context":"Entrada similar","img":{"alt_text":"","src":"","width":0,"height":0},"classes":[]}],"jetpack_likes_enabled":false,"jetpack_sharing_enabled":true,"_links":{"self":[{"href":"http:\/\/catolicasmexico.com\/blog\/wp-json\/wp\/v2\/pages\/2389"}],"collection":[{"href":"http:\/\/catolicasmexico.com\/blog\/wp-json\/wp\/v2\/pages"}],"about":[{"href":"http:\/\/catolicasmexico.com\/blog\/wp-json\/wp\/v2\/types\/page"}],"author":[{"embeddable":true,"href":"http:\/\/catolicasmexico.com\/blog\/wp-json\/wp\/v2\/users\/1"}],"replies":[{"embeddable":true,"href":"http:\/\/catolicasmexico.com\/blog\/wp-json\/wp\/v2\/comments?post=2389"}],"version-history":[{"count":1,"href":"http:\/\/catolicasmexico.com\/blog\/wp-json\/wp\/v2\/pages\/2389\/revisions"}],"predecessor-version":[{"id":2390,"href":"http:\/\/catolicasmexico.com\/blog\/wp-json\/wp\/v2\/pages\/2389\/revisions\/2390"}],"wp:featuredmedia":[{"embeddable":true,"href":"http:\/\/catolicasmexico.com\/blog\/wp-json\/wp\/v2\/media\/3895"}],"wp:attachment":[{"href":"http:\/\/catolicasmexico.com\/blog\/wp-json\/wp\/v2\/media?parent=2389"}],"curies":[{"name":"wp","href":"https:\/\/api.w.org\/{rel}","templated":true}]}}

<p><a href="http://catolicasmexico.com/blog/wp-content/uploads/2013/08/20130819-195512.jpg"><img class="alignnone size-full" alt="20130819-195512.jpg" src="http://catolicasmexico.com/blog/wp-content/uploads/2013/08/20130819-195512.jpg"  /> </a></p>
<p>El símbolo internacional pro-vida. La medida y la forma exacta de los pies de un no nato de 10 semanas.<br />
En ningun momento de nuestra vida se producen tantos cambios y se crece tanto como en los primeros nueve meses antes del nacimiento. He aquí las admirables etapas del comienzo de la vida.<br />
1er. Día : la concepción. Al rededor de 200 ,000,000 de espermatozoides tratan de penetrar al ovulo maternal, sin embargo solo uno lo logra. En este momento preciso un nuevo individuo único se forma. Todas las características hereditarias de esta persona están establecidas: si es niño o niña, el color de sus ojos, sus pómulos y la forma de su mentón.</p>
<p>Días 18-20: las bases del cerebro, la espina dorsal y el sistema nervioso se establecen.</p>
<p>Día 21: El corazón comienza a latir, al principio débilmente, sin embargo, cada día con más fuerza, bate 70 veces por minuto y alcanza 170-190 latidos en la séptima semana, comenzando a disminuir su ritmo cardiaco en la novena semana a 160-180 latidos por minuto. Un día más tarde los ojos comienzan a desarrollarse y las orejas inician su primer estado de desarrollo.<br />
Días 28-32: dos brazos minúsculos aparecen y dos días después las piernas empiezan a desarrollarse. La boca comienza a tomar forma. La nariz comienza a desarrollarse. La sangre circula en las venas del bebé quedando separada de la sangre de la madre. La lengua empieza a formarse. Por vez primera la cara comienza a distiguirse.</p>
<p>Día 42. El cerebro se divide en tres partes, una siente las emociones y comprende el lenguaje, una para escuchar y ver. Las articulaciones comienzan a formarse. La madre nota la ausencia se su segundo periodo de menstruación.</p>
<p>Día 44: Los músculos de la cara se desarrollan, los párpados comienzan a formase, los codos toman forma. Los órganos internos existen ya, pero están inmaduros, 99% de los músculos están presentes, cada uno con su sistema nervioso propio.</p>
<p>Séptima semana: El movimiento espontáneo comienza. En las siguientes 4 semanas el bebé comienza a desarrollar toda una serie de movimientos como tener hipo, fruncir el ceño, cruzar los ojos, morder sus labios, tocarse la cara, respirar, ( sin aire) , estirarse, abrir la boca, bostezar y succionar</p>
<p>Octava semana: el bebé esta bien proporcionado y mide el equivalente del pulgar de un adulto. Todos los órganos están presentes. El hígado produce sangre, los riñones funcionan y el corazón late regularmente. El cráneo, los codos y las rodillas se forman. De los 4500 estructuras del cuerpo de un adulto, 4000 están formados. El esqueleto de los brazos y las piernas, así como la columna vertebral que comienza a soldarse por el aumento de células oseosas.</p>
<p>Décima semana: El numero de conexiones entre los nervios y los músculos ha triplicado desde la ultima semana.</p>
<p>Duodécima semana: el bebe traga y reacciona a la estimulación de la piel.</p>
<p>Cuatro meses: el niño puede agarrar con sus manos, cerrar el puño, nadar y voltearse.</p>
<p>Siete meses: los párpados se abren y se cierran, los ojos miran al rededor. Las manos agarran con fuerzas. La voz de la madre se puede oír y el bebé la reconoce.</p>
<p>Nueve meses: el niño provoca el trabajo de parto y el alumbramiento se inicia aproximadamente a los 264-270 días después de la concepción. después de todas esas etapas dentro del cuerpo de la madre, el niño se presenta al mundo exterior.</p>

<p>El símbolo internacional pro-vida. La medida y la forma exacta de los pies de un no nato de 10 semanas. En ningun momento de nuestra vida se producen tantos cambios y se crece tanto como en los primeros nueve meses antes del nacimiento. He aquí las admirables etapas del comienzo de la vida. 1er. Día [&hellip;]</p>

From Timeline Photos. Posted by Católicas México - Por el derecho a la vida on 6/06/2014 (338 items) Historia de la Virgen de Fátima. Primera parte.. 22 de marzo nacimiento de Lucia Dos ... Compartimos,la noticia, la pareja que se preparaba a abortar el fin de semana cambió ... Pedimos…

Oraciones de Reparación

Ofrecimiento de la Hora de Guardia para cada día: ¡Viva Jesús, muera el pecado, sea por siempre alabado, el Corazón de Jesús Sacramentado! Sagrado Corazón de Jesús, encendido en llamas de infinito amor, pero herido hasta lo más hondo por nuestro desamor, desagradecimiento y dureza, me postro en tu presencia…

Carta de una inmigrante. Soy mexicana y vivo en Canadá, Quiero compartir con todos Ustedes, la historia de una muchacha de origen ruso, que se encuentra embarazada de su novio de origen mexicano, la llamaremos Natalia, para conservar su anonimato. Natalia le dijo de su embarazo a su patrona, su…

Su origen. La devoción de la hora santa tuvo su origen en la oración que Jesús hizo en Getsemani , la víspera de su muerte en la noche del jueves al viernes santo. Consiste en pasar una hora entera en oración de las 11:00 a las 12:00 de la noche…

PRESENTACIÓN: Práctica nacida en el Monasterio de la Visitación de Bourg, Francia, en 1863 La Guardia de Honor es una piadosa milicia que rodea Jesucristo, Rey inmortal de los siglos, abandonado, ultrajado y perpetuamente inmolado en su Trono Eucarístico. Estos fervorosos centinelas, escogen una hora al día, y en ella,…

Somos un grupo de jóvenes católicos, comprometidos con el evangelio, estamos a favor de la vida desde la concepción hasta la muerte natural, defendemos los valores del matrimonio, sacramento instituido por Nuestro Señor, promovemos la oración, el ayuno, la Santa Misa y los Santos Sacramentos como medios eficaces para luchar…
